2 + v**3/3 - 9*v**2/2 + 2*v. Let x(s) = 4*j(s) - 5*o(s). Determine x(-8).
-4
Let z(w) = 3*w. Let s = -97 - -96. Determine z(s).
-3
Let z = -4 + 4. Suppose -i + 0*i = 2*c + 8, -4*i - 3*c - 7 = z. Let k(b) = b**3 - b**2 - 3*b + 2. Calculate k(i).
0
Suppose -2*w = 2*w. Let v(q) = 2 + w + 4 - 1 + 2*q. What is v(-6)?
-7
Let p be 10*(-1 - 9/(-6)). Let y(h) = -h**2 - 6*h + 3. Let n be y(-6). Suppose -4*u = k - 5*u + p, -5*k + n*u - 15 = 0. Let o(l) = l + 8. Give o(k).
8
Let r(w) be the first derivative of 1/4*w**4 + 1/2*w**2 - 4/3*w**3 + 3 + 2*w. Determine r(3).
-4
Suppose -2*f + f - 3 = 0, 4*b + 2*f - 14 = 0. Let t(k) = -2*k + b*k + 0 + 4. Let h be (-4)/18 + (-238)/63. Determine t(h).
-8
Let r(h) be the third derivative of h**5/60 + 7*h**4/24 + h**3/3 + 10*h**2. Calculate r(-7).
2
Suppose 4*d + 41 = 6*d - y, 4*d + y = 79. Suppose -f = -5*f + d. Let a(j) = j - 10. Calculate a(f).
-5
Let m(n) = -6 - n**3 + 2*n - 2*n - n. Calculate m(0).
-6
Suppose a = -3*a - 3*c + 43, 5*a - 3*c - 20 = 0. Let s(u) = u - 7. Let v be s(a). Let b(n) = v*n + 0*n - 3*n + 5*n. Calculate b(-1).
-2
Let z(v) = 7*v + 2. Let l(h) = h. Let j(u) = -4*l(u) + z(u). What is j(-5)?
-13
Let w = 11 - 9. Let q(b) = -1 - 4 - w - 2*b + 3*b. What is q(5)?
-2
Let o(r) be the third derivative of -1/60*r**5 - r**2 + 0 + 0*r**4 + 0*r - 1/6*r**3. Let h(q) be the first derivative of o(q). Determine h(-2).
4
Let w(x) = -x**2 + 7*x - 5. Let z be ((4*1)/2)/(-1). Let j(y) = -8*y - 4. Let k(i) = 4*i + 2. Let u(t) = -3*j(t) - 7*k(t). Let v be u(z). What is w(v)?
1
Let m(j) = -j + 9. Suppose 2*x - 3 = 7, r = -5*x + 31. Let p be m(r). Suppose p*n - 6 = 6. Let o(d) = 3*d - 3. What is o(n)?
9
Let j(m) be the first derivative of -m**3/3 - 2*m**2 - m + 4. Suppose 3*k + 15 = -3*n, 0*k - 4*n = -k + 20. Let u = k - 5. Calculate j(u).
-6
Let j(w) = 14 + 7*w + 6 - 19. Suppose 3*i + 5*q + 8 = 0, 0 = 3*i + q + 7 - 3. Calculate j(i).
-6
Let m(w) = w - 4. Let f be (-51)/(-15) - (-4)/(-10). Let o be 2/3 - 32/f. Let g = -5 - o. Give m(g).
1
Let p(w) = -w**2 + 3*w - 2. Let t be -1 + 0 - (-7 + 3). Determine p(t).
-2
Let k(u) be the second derivative of -u**4/12 - u**3/3 + 3*u**2/2 + 2*u. Suppose -3*c + 1 - 7 = -3*t, 3*t = -4*c - 22. Give k(c).
-5
Let s = -119 + 126. Let k(l) = l**3 - 7*l**2 + 3*l + 3. Determine k(s).
24
Let a(f) = -3*f**3 + 6*f**2 + 3*f + 8. Let p(r) = 4*r**3 - 7*r**2 - 3*r - 9. Let q(v) = 3*a(v) + 2*p(v). Determine q(5).
-4
Let x(y) = 2*y**2 - y**3 - 3*y**2 - 146 + 72 + 77. Let h = -1 - -2. Let c = 1 - h. Calculate x(c).
3
Let o(u) = -u**2 + u. Suppose 0 = -4*v - 1 - 7. Give o(v).
-6
Let n(j) = -j**2 + j - 1. Let l(a) = 2*a**2 - 8*a + 3. Let o(t) = l(t) + 3*n(t). Let q be o(-5). Let d(x) = x**2 - x + 10. Calculate d(q).
10
Let c(x) = x. Let b(u) = -9*u + 3. Let z(q) = -b(q) - 5*c(q). Give z(2).
5
Let h(j) = 3*j - 4. Let x be 1 + (0 - -1)*2. Let v(r) = 2*r**2 + 7*r + 5. Let q be v(-4). Let y be (q/(-2))/x*-2. Determine h(y).
5
Let x(p) be the second derivative of p**5/20 - p**4/12 - p**3/2 - p**2 + 4*p. Calculate x(-2).
-8
Let c = 9 - 4. Suppose 0 = -g - 3, c*u + 4*g - 2 + 9 = 0. Let t(y) = 5*y**2 - 2*y + 1. What is t(u)?
4
Suppose -4*o - 33 = -13. Let a be 6/4 - (-3)/6. Let z(l) = -2*l - 3 - 4 + a. Determine z(o).
5
Let c be ((-4)/6)/(6/(-45)). Let x(y) be the first derivative of -y**2/2 + 5*y - 11. Give x(c).
0
Let m(k) = -3*k**3 + 9*k**2 - 10*k - 1. Let s(b) = 10*b**3 - 27*b**2 + 30*b + 4. Let p(r) = -7*m(r) - 2*s(r). Give p(8).
15
Let s(v) = -v + 1. Let i be s(1). Let w(h) = h + 1 - 2 + i + 2. Calculate w(-5).
-4
Let x = -22 - -6. Let t be (20/x)/((-1)/4). Let q(f) be the third derivative of f**4/12 - f**3/3 + 19*f**2. What is q(t)?
8
Let l(f) be the second derivative of -1/20*f**5 + 4/3*f**3 + 1/3*f**4 - 5*f + 0 - 7/2*f**2. Give l(5).
8
Let o(y) = y**3 - 7*y**2 - 3*y + 8. Let n(r) = -6*r + 1. Let g be n(-1). Give o(g).
-13
Let i(s) = s. Let q = -5 - 1. Let j = q - 1. Let t be 0/1*j/21. What is i(t)?
0
Let k(m) = -m - 9 + 4 - 2*m + m**2. Give k(6).
13
Let h be (-44)/(-6) + 6/9. Let r = h - 3. Let a(z) = 2*z + z - 2*z - 4. Calculate a(r).
1
Let b(v) = -v**2 - 2*v + 4. Let g be b(-5). Let l(i) = 5*i - 2. Let t(u) = 9*u - 4. Let x(a) = g*l(a) + 6*t(a). What is x(4)?
-6
Let l(p) = p**3 + 3*p**2 - 5*p - 4. Let r = 15 + -12. Suppose r*o + 10 = -x, 3*o + 5*x - 2 = -4. Calculate l(o).
0
Let l(n) = n**3 - 6*n**2 + 6*n - 5. Let j = 6 - 1. Let w be l(j). Let h(p) = -4*p + w*p + 3*p. What is h(5)?
-5
Let p = 2 + -3. Let k be 1 + (0 + -3 - p). Let y(j) = 13*j - 5. Let l(z) = 7*z - 3. Let x(w) = 5*l(w) - 3*y(w). Determine x(k).
4
Suppose -3*p - 9 = -3*r, -4*p - 3*r = -4*r - 3. Let g(i) be the first derivative of 0*i**3 - i + 2 + 3/2*i**p - 1/4*i**4. Give g(2).
-3
Let c(m) = 19 - m**2 - 12 - 5 + 11*m - 6*m. Suppose 4 = 3*a - 14. Give c(a).
-4
Let t = 39 - 36. Let k(u) = u**2 - 5*u - 3. Calculate k(t).
-9
Let d(h) = h**2 + 1. Suppose -26 = 9*i + 4*i. Give d(i).
5
Suppose 2*v = 4*v - 8. Let r be 3/((-4)/v*1). Let p(c) = -c**2 - 2*c - 4. Determine p(r).
-7
Suppose -w - w = 2. Let h(v) = 3*v - 11*v**2 + 1 + 4*v + 3*v**2 - 5*v. Calculate h(w).
-9
Let s(g) = 2*g + 3*g + g**3 + 1 - 4*g + 4*g**2. Calculate s(-4).
-3
Suppose 0 = -2*h + 7*h - 20. Suppose j = h*j + 15. Let a(g) = g**2 + 8*g. Calculate a(j).
-15
Suppose 18 = c + 16. Let l(a) = -12*a. Determine l(c).
-24
Suppose -3*t + 2*t = 2*v - 8, 0 = -4*t - 2*v + 26. Let x(j) = j**2 - 7*j - 1. Give x(t).
-7
Let p be ((-6)/(-75))/((-32)/(-20)). Let a(v) be the second derivative of 5/6*v**3 - 1/2*v**2 - 5/12*v**4 + p*v**5 + 0 - v. Calculate a(4).
3
Let f(j) = j**2 + 5*j - 10. Let i(o) = -2*o**2 - 10*o + 21. Let h(c) = -9*f(c) - 4*i(c). Let n be ((-1)/1 + 0)*5. Let z be n + 1 + -2 + 1. Calculate h(z).
6
Let u(w) = -w**3 + 5*w**2 - 2*w + 5. Suppose 0 = -2*t + 4 + 4. Suppose 0 = -t*v - v + 25. Give u(v).
-5
Let y(f) = -8*f**2 + 1. Let k(a) = -42*a**2 - a + 4. Let l(n) = -2*k(n) + 11*y(n). Determine l(-2).
-17
Let a(j) = -j - 2*j + 5*j. What is a(1)?
2
Let z(s) be the third derivative of -s**4/24 - s**3/6 - 4*s**2. Let t(o) = 5*o + 6. Let m(c) = 2*t(c) + 11*z(c). Give m(1).
0
Let y(t) = -t**2 - 2*t. Let i = -2 - 8. Let m = i + 8. Calculate y(m).
0
Let h(y) = 2*y**2 - 6*y + 5. Let p(g) = -2*g - 27. Let o be p(-16). Calculate h(o).
25
Let y(o) be the third derivative of -o**5/15 + o**3/6 + 5*o**2. Calculate y(-1).
-3
Let q(f) = -10*f - 7. Let m(n) = -7*n - 5. Let j = -15 - -22. Let i(h) = j*m(h) - 5*q(h). Calculate i(2).
2
Let m(l) be the third derivative of -l**4/12 - 5*l**3/6 - 3*l**2. Let t = -33 - -28. Calculate m(t).
5
Let y(g) = -g**2 - 4*g. Let f = -3 + -5. Let m = f + 6. Let h be y(m). Let i(w) = -w. What is i(h)?
-4
Let k(c) = -3 - c + 0*c + 0. Let o = 1 - 1. Let d be (o - (-1 - 0))*-3. What is k(d)?
0
Let t(k) be the second derivative of k**6/720 + k**5/120 - k**4/3 + 3*k. Let q(r) be the third derivative of t(r). Calculate q(3).
4
Let r(g) = -g**3 - 1. Suppose -4*z = -5 - 15, 15 = 2*w + 3*z. Determine r(w).
-1
Let x(u) = -3*u + 5*u + 6 + 6*u - 5*u. Suppose 2*m - 3*i + 5*i + 2 = 0, 0 = 4*m - i + 19. Calculate x(m).
-6
Let w(g) = g - 1. Let b be w(2). Let i(n) = 6*n**2 - 1. What is i(b)?
5
Let j(v) = v**3 + 4*v**2 + 3*v + 2. Suppose -5*k - 8 = 7. Let u be j(k). Let a(z) = z**3 - 3*z**2 + z + 2. Determine a(u).
0
Suppose -3*p = 4*c, 0*p + p = 0. Let m(v) be the first derivative of v**4/4 - v**3/3 + v**2/2 + 4*v - 7. Determine m(c).
4
Let f be (0 + 4 - 4)/(2 - 1). Let l(q) = q**2 - q - 35. Give l(f).
-35
Let j(i) be the second derivative of -i**5/20 - i**4/2 - 2*i**3/3 - 3*i**2 - 6*i. Determine j(-6).
18
Let r(q) = -q**3 + 3*q**2 - q - 1. Let z = 2 - -2. Suppose -b - b = -5*j + 12, 12 = z*j - 4*b. Determine r(j).
1
Let b(l) = -3*l**2 + 1. Suppose 2*h - 27 = 5*h. Let s = h - -10. Calculate b(s).
-2
Let f(s) = -249*s**3 - s + 248*s**3 + 5*s**2 + 1 - 2. Suppose 2*k = 6*g - 2*g - 30, 0 = 5*g - 4*k - 30. Suppose -5*c + 6 = z, -z + 3*z = c - g. Give f(c).
9
Suppose 7*h = 4*h. Suppose -3*t = -h*t - 6. Let b(y) = -3 + y**t - 9*y + 4*y + 0*y**2. Determine b(4).
-7
Suppose 0*y = w + 2*y - 4, w - y + 11 = 0. Let h be 4/w*6/4. Let u(v) be the first derivative of -v**2/2 + v + 1. Calculate u(h).
2
Let i(g) = -7*g - 3. Let x = 50 + -28. Let q(r) = 19*r + 4. Let n(z) = -5*z - 1. Let u(